mine q(22).
4
Let a(v) = v**2 + 19*v + 7. Calculate a(-10).
-83
Let a(u) = -2*u**2 - 3*u + 3. What is a(4)?
-41
Let y(x) = -7*x - 5. Calculate y(-10).
65
Let y(d) = d**3 - 24*d**2 - 26*d + 45. What is y(25)?
20
Let a(m) = -m - 8. What is a(-10)?
2
Let q(o) = -2*o + 4. Give q(6).
-8
Let r(i) = -i**3 - i**2 + 22*i - 1. Determine r(-5).
-11
Let m(g) = g**3 + 12*g**2 + 11*g - 10. What is m(-11)?
-10
Let n(z) = -2*z**2 + 3. Give n(2).
-5
Let y(k) = -k**2 - 9*k + 6. What is y(-12)?
-30
Let q(f) = -7*f - 1. Give q(7).
-50
Let x(y) = 2*y**3 - 6*y**2 - 2*y - 1. What is x(2)?
-13
Let o(a) = a**3 + 38*a**2 + 46*a + 321. Calculate o(-37).
-12
Let a(n) = n**3 + 9*n**2 + 5*n + 5. Determine a(-8).
29
Let j(x) = -291*x - 289. Determine j(-1).
2
Let g(f) = 2*f**3 + 4*f**2 + 4*f + 4. Give g(-2).
-4
Let b(x) = 2*x**2 + 5*x + 2. Determine b(-2).
0
Let n(f) = 12*f - 94. What is n(10)?
26
Let g(o) = -2*o**2 - 15*o - 4. Calculate g(-11).
-81
Let t(n) = 4*n + 30. Give t(-14).
-26
Let s(k) = 2*k**2 + 30*k + 12. Give s(-14).
-16
Let f(g) = 4*g**3 - 3*g**2 - 3*g + 1. What is f(-2)?
-37
Let o(q) = 2*q**2 + 84*q - 89. Determine o(-43).
-3
Let o(a) = -2*a - 3. Determine o(3).
-9
Let n(j) = -j**3 + j**2 - 1. Determine n(3).
-19
Let z(l) = -3*l - 3. Calculate z(-7).
18
Let w(m) = -2*m**3 + 16*m**2 - 2*m + 4. Determine w(8).
-12
Let u(j) = 26*j + 151. Give u(-5).
21
Let u(g) = -g**2 - 11*g - 9. What is u(-8)?
15
Let w(p) = p**2 - 10*p - 12. What is w(10)?
-12
Let j(c) = -c - 17. What is j(-8)?
-9
Let f(z) = -4*z**2 + 3*z + 6. Give f(-2).
-16
Let g(a) = a**2 - 17*a + 33. What is g(15)?
3
Let b(y) = 5*y + 34. Calculate b(10).
84
Let b(f) = -f**2 - 8*f + 154. Determine b(9).
1
Let f(j) = j**2 - j - 16. Calculate f(-3).
-4
Let r(v) = v**3 - 14*v**2 - 31*v - 14. What is r(16)?
2
Let x(n) = -12*n**3 + 3*n**2 + 3*n + 4. Give x(-2).
106
Let b(o) = -o**3 + 12*o**2 - 10*o + 14. Calculate b(12).
-106
Let j(l) = 137*l - 682. What is j(5)?
3
Let o(y) = y**2 + 7*y + 4. Give o(-5).
-6
Let s(u) = -15*u - 4. Calculate s(-5).
71
Let d(u) = -3*u + 5. Give d(-3).
14
Let a(u) = -25*u**2 - u - 1. Determine a(-1).
-25
Let s(x) = x**3 - 13*x**2. What is s(13)?
0
Let d(s) = s + 8. Determine d(-7).
1
Let i(t) = t**3 - 10*t**2 + 9*t - 2. Determine i(9).
-2
Let d(v) = v**3 - 2*v**2 + v + 8. Calculate d(-2).
-10
Let p(h) = -3*h**2 - 19*h + 9. Give p(-7).
-5
Let i(f) = -f**3 - 5*f**2 + 4*f + 10. Calculate i(-5).
-10
Let s(u) = -u**3 - 23*u**2 + 5*u + 100. Give s(-23).
-15
Let w(x) = -x**2 - 28*x - 33. What is w(-27)?
-6
Let x(o) = o**2 + 42*o + 420. Give x(-17).
-5
Let f(r) = 26*r + 105. Determine f(-4).
1
Let k(t) = -2*t**2 - 45*t - 33. What is k(-22)?
-11
Let j(u) = u**3 + 14*u**2 + 11*u - 1. Give j(-13).
25
Let w(v) = -v**3 - 10*v**2 - 12*v - 4. What is w(-10)?
116
Let i(h) = 39*h - 36. Determine i(5).
159
Let h(m) = 12*m + 5. Calculate h(4).
53
Let g(h) = -h**2 - h + 6. Give g(4).
-14
Let q(x) = x**2 - x - 4. Calculate q(5).
16
Let r(d) = -2*d**2 - 3*d - 3. Calculate r(3).
-30
Let r(k) = -k**2 + 5. What is r(-8)?
-59
Let t(l) = -l**2 - 29*l - 175. What is t(-13)?
33
Let v(n) = -n**2 + n + 6. What is v(0)?
6
Let n(a) = 8*a + 103. What is n(-12)?
7
Let c(x) = -x - 8. Calculate c(-13).
5
Let k(s) = -18*s - 8. Calculate k(-2).
28
Let m(t) = t**3 - 7*t**2 + 4*t - 12. Determine m(6).
-24
Let o(s) = s**3 - 12*s**2 - 10*s - 18. What is o(13)?
21
Let a(z) = -12*z. What is a(3)?
-36
Let d(p) = p**3 - 4*p**2 - 4*p - 5. Determine d(4).
-21
Let a(s) = -7*s - 16. Calculate a(-7).
33
Let a(l) = -5*l**2 - l + 1. Calculate a(-3).
-41
Let t(q) = -q**2 - 8*q - 9. What is t(-3)?
6
Let v(f) = -f + 33. Give v(0).
33
Let d(k) = 140*k + 838. What is d(-6)?
-2
Let i(u) = -2*u - 23. Determine i(-7).
-9
Let d(f) = f**3 + 4*f**2 + 4*f + 2. Give d(-4).
-14
Let n(g) = 2*g**3 - 55*g**2 + 30*g - 61. Determine n(27).
20
Let g(t) = -t**2 - 4*t - 8. What is g(-3)?
-5
Let d(i) = i - 12. Give d(6).
-6
Let h(d) = -d**2 - 6*d - 14. Determine h(-6).
-14
Let g(h) = -h**2 - 17*h - 8. Calculate g(-16).
8
Let k(x) = 3*x - 31. What is k(9)?
-4
Let t(k) = 4*k + 37. Give t(-8).
5
Let u(z) = -z**2 - 2*z - 49. Determine u(0).
-49
Let h(f) = -f**2 + 4*f - 9. What is h(6)?
-21
Let m(k) = -k + 27. Calculate m(24).
3
Let c(k) = 6*k**2 + 26*k - 61. Give c(-6).
-1
Let d(l) = -l**2 + 26*l + 115. Give d(30).
-5
Let k(f) = -f**3 - 7*f**2 + 3*f - 18. Determine k(-8).
22
Let i(k) = 7*k + 4. What is i(1)?
11
Let l(t) = -t + 48. Determine l(11).
37
Let l(g) = 5*g + 40. Determine l(-14).
-30
Let y(h) = -5*h + 20. What is y(7)?
-15
Let q(v) = -2*v**3 - 7*v**2 - 6*v + 1. Calculate q(-4).
41
Let y(w) = -10*w + 3. Calculate y(1).
-7
Let l(b) = -b**3 - 3*b**2 - 2*b + 1. What is l(-2)?
1
Let r(u) = -14*u - 20. Give r(-3).
22
Let t(p) = -9*p + 1. Determine t(-2).
19
Let z(g) = -21*g - 1. What is z(-1)?
20
Let m(q) = -14*q - 3. What is m(3)?
-45
Let n(g) = -2*g - 31. Give n(-7).
-17
Let b(l) = -l**3 + 6*l**2 - 10*l + 8. Give b(3).
5
Let w(a) = -a + 7. Determine w(-10).
17
Let q(z) = -3*z**2 - 6*z - 8. What is q(-5)?
-53
Let k(i) = -14*i + 24. What is k(-6)?
108
Let o(l) = -2*l**2 + 8*l + 62. Determine o(-4).
-2
Let l(c) = -10*c**2 - 3*c + 4. Give l(2).
-42
Let m(c) = c**3 - 3*c**2 - 5*c + 15. Determine m(6).
93
Let x(n) = -n**3 - 12*n**2 - 21*n - 14. Give x(-10).
-4
Let z(u) = u**2 - 11*u + 19. Calculate z(7).
-9
Let i(p) = p**2 + 7*p + 12. Calculate i(-5).
2
Let k(v) = 2*v**2 + 2*v - 12. Give k(-4).
12
Let d(a) = -59*a + 363. Calculate d(6).
9
Let g(q) = q**3 - 7*q**2 + 19*q - 14. What is g(4)?
14
Let r(a) = a**3 - 24*a**2 + 139*a. What is r(10)?
-10
Let m(p) = p**3 + 23*p**2 + 50*p + 114. What is m(-21)?
-54
Let x(w) = w**2 - 26*w + 145. What is x(18)?
1
Let f(h) = -h**2 - 9*h. Give f(-3).
18
Let a(k) = -2*k - 1. Determine a(3).
-7
Let w(y) = y**3 + 5*y**2 - 11*y - 33. Calculate w(-6).
-3
Let i(w) = w**2 + 10*w + 23. What is i(-3)?
2
Let b(c) = c**2 + 2*c - 4. What is b(2)?
4
Let o(i) = i**3 - 10*i**2 - 22*i + 9. Calculate o(12).
33
Let t(l) = -l**3 - 16*l**2 - 15*l - 4. Calculate t(-15).
-4
Let u(x) = -66*x - 192. Give u(-3).
6
Let h(v) = -2*v**2 - 6*v + 30. Determine h(4).
-26
Let v(i) = 4*i + 9. Calculate v(10).
49
Let o(l) = -l**3 - 5*l**2 + 3*l - 1. Give o(-6).
17
Let w(a) = 4*a + 10. What is w(-8)?
-22
Let y(t) = t + 24. What is y(-13)?
11
Let z(c) = c**2 + 8*c + 16. Give z(-4).
0
Let q(d) = -2*d**2 - 48*d - 266. Determine q(-9).
4
Let p(w) = w + 23. What is p(-19)?
4
Let u(f) = -f**2 - 3*f - 12. Give u(0).
-12
Let f(g) = 2*g**2 + 12*g - 4. Calculate f(-6).
-4
Let m(u) = u**3 - 6*u + 1. Calculate m(4).
41
Let t(o) = -o**2 + 24*o - 148. Determine t(10).
-8
Let j(y) = -y**2 - 3*y + 29. Calculate j(7).
-41
Let m(q) = -q**2 - 12*q + 17. Determine m(-13).
4
Let g(w) = -92*w**3 - w - 1. Give g(-1).
92
Let h(g) = -g**2 - 9*g - 15. Give h(-6).
3
Let y(k) = k**3 + 16*k**2 - 2*k - 23. Calculate y(-16).
9
Let m(g) = 3*g**3 - 2*g**2 + 5*g - 3. What is m(2)?
23
Let j(t) = t**3 - 4*t**2 - 19*t + 14. Determine j(7).
28
Let b(f) = 3*f + 1. Determine b(6).
19
Let q(p) = p + 11. Calculate q(-4).
7
Let i(u) = -u**2 + 5*u - 4. What is i(-2)?
-18
Let a(x) = -x**2 - 15*x + 18. What is a(-12)?
54
Let m(g) = -4*g - 3. What is m(-2)?
5
Let n(f) = f**3 - 11*f**2 + 3*f - 29. Calculate n(11).
4
Let h(y) = -19*y - 7. Give h(-4).
69
Let v(f) = -16*f - 6. Give v(-9).
138
Let f(n) = 2*n**3 - 3*n**2 + 2*n - 2. What is f(2)?
6
Let j(q) = -q**3 - 4*q**2 - 4*q - 8. Give j(-4).
8
Let m(n) = -3*n - 2. Calculate m(2).
-8
Let q(z) = -3*z**2 - 5*z + 15. Give q(-4).
-13
Let c(a) = 3*a + 7. Calculate c(-5).
-8
Let r(u) = -u**3 - 20*u**2 - 43*u - 135. Give r(-18).
-9
Let g(f) = f**3 - 8*f**2 + 3*f + 22. What is g(4)?
-30
Let w(g) = 7*g - 10. What is w(4)?
18
Let t(i) = i**3 + 12*i**2 + 26*i + 6. What is t(-2)?
-6
Let m(k) = -3*k - 35. Give m(-20).
25
Let i(l) = 39*l - 7. Calculate i(-2).
-85
Let t(d) = d - 8. Determine t(7).
-1
Let i(f) = f**3 + 28*f**2 - 30*f - 11. What is i(-29)?
18
Let w(d) = d**2 + 12*d + 37. Give w(-8).
5
Let u(k) = k**2 - 9*k + 24. Give u(12).
60
Let h(z) = -z - 30. Calculate h(6).
-36
Let x(h) = -h**3 - 9*h**2 - 13*h - 6. Give x(-7).
-13
Let t(z) = -z**2 + 7*z + 15. Determine t(12).
-45
Let h(j) = -j**3 + 2*j**2 + 4*j - 6. What is h(5)?
-61
Let f(i) = 148*i - 591. Determine f(4